 is the ten thousands digit of 934262?
3
What is the hundred thousands digit of 3568522?
5
What is the hundreds digit of 989665?
6
What is the tens digit of 3304515?
1
What is the tens digit of 2347364?
6
What is the millions digit of 5475253?
5
What is the tens digit of 123202?
0
What is the tens digit of 30175109?
0
What is the ten thousands digit of 16701073?
0
What is the hundreds digit of 3145140?
1
What is the hundreds digit of 5451135?
1
What is the millions digit of 2684893?
2
What is the hundreds digit of 668121?
1
What is the units digit of 143998?
8
What is the millions digit of 3298953?
3
What is the ten thousands digit of 21950710?
5
What is the tens digit of 377857?
5
What is the millions digit of 4991908?
4
What is the hundreds digit of 471822?
8
What is the thousands digit of 281256?
1
What is the tens digit of 8029754?
5
What is the units digit of 788975?
5
What is the ten thousands digit of 34891538?
9
What is the ten millions digit of 12559782?
1
What is the units digit of 12926736?
6
What is the tens digit of 270376?
7
What is the hundreds digit of 10333402?
4
What is the tens digit of 9179?
7
What is the thousands digit of 2944593?
4
What is the units digit of 2497341?
1
What is the thousands digit of 2006083?
6
What is the units digit of 4887246?
6
What is the units digit of 3140072?
2
What is the units digit of 3904050?
0
What is the tens digit of 4048559?
5
What is the units digit of 2839055?
5
What is the millions digit of 8024207?
8
What is the ten thousands digit of 1796843?
9
What is the hundreds digit of 13732183?
1
What is the ten thousands digit of 1239799?
3
What is the millions digit of 3003372?
3
What is the hundred thousands digit of 409984?
4
What is the thousands digit of 830656?
0
What is the units digit of 9458135?
5
What is the ten thousands digit of 888506?
8
What is the ten thousands digit of 29524?
2
What is the hundred thousands digit of 1273917?
2
What is the hundred thousands digit of 1254442?
2
What is the tens digit of 5243642?
4
What is the millions digit of 17776402?
7
What is the ten thousands digit of 1952770?
5
What is the thousands digit of 186390?
6
What is the units digit of 1669748?
8
What is the units digit of 7597?
7
What is the units digit of 7500519?
9
What is the units digit of 223452?
2
What is the ten thousands digit of 31851?
3
What is the thousands digit of 4705198?
5
What is the hundreds digit of 155668?
6
What is the hundreds digit of 10075?
0
What is the ten thousands digit of 553547?
5
What is the ten thousands digit of 193143?
9
What is the tens digit of 1768692?
9
What is the millions digit of 2678658?
2
What is the millions digit of 17387430?
7
What is the hundred thousands digit of 228809?
2
What is the tens digit of 1300820?
2
What is the units digit of 6793784?
4
What is the thousands digit of 314425?
4
What is the hundreds digit of 328035?
0
What is the hundreds digit of 3718807?
8
What is the thousands digit of 133319?
3
What is the hundred thousands digit of 3223551?
2
What is the units digit of 1055672?
2
What is the tens digit of 26106352?
5
What is the millions digit of 2039896?
2
What is the units digit of 6950467?
7
What is the tens digit of 760601?
0
What is the units digit of 208261?
1
What is the units digit of 784748?
8
What is the tens digit of 98020?
2
What is the thousands digit of 612643?
2
What is the units digit of 740162?
2
What is the units digit of 1139936?
6
What is the ten thousands digit of 1755242?
5
What is the units digit of 15805654?
4
What is the millions digit of 2494018?
2
What is the hundreds digit of 433040?
0
What is the hundred thousands digit of 8554684?
5
What is the millions digit of 5646624?
5
What is the hundreds digit of 38837?
8
What is the units digit of 82765?
5
What is the tens digit of 2104505?
0
What is the thousands digit of 785477?
5
What is the ten thousands digit of 465964?
6
What is the tens digit of 636270?
7
What is the hundred thousands digit of 307460?
3
What is the tens digit of 30816565?
6
What is the hundred thousands digit of 2301845?
3
What is the hundred thousands digit of 1798811?
7
What is the ten thousands digit of 4189042?
8
What is the thousands digit of 8137669?
7
What is the tens digit of 2356853?
5
What is the hundred thousands digit of 2530365?
5
What is the hundred thousands digit of 9380583?
3
What is the thousands digit of 242249?
2
What is the ten millions digit of 14096532?
1
What is the units digit of 2769859?
9
What is the units digit of 5272371?
1
What is the tens digit of 304642?
4
What is the hundred thousands digit of 379046?
3
What is the ten millions digit of 17846741?
1
What is the hundred thousands digit of 12542834?
5
What is the hundreds digit of 10555114?
1
What is the hundreds digit of 409446?
4
What is the units digit of 1165872?
2
What is the tens digit of 3750025?
2
What is the units digit of 490166?
6
What is the tens digit of 24663744?
4
What is the millions digit of 6822698?
6
What is the thousands digit of 659349?
9
What is the hundred thousands digit of 1561130?
5
What is the hundreds digit of 786146?
1
What is the tens digit of 317873?
7
What is the units digit of 2711232?
2
What is the units digit of 131415?
5
What is the hundreds digit of 187510?
5
What is the hundreds digit of 2689101?
1
What is the hundred thousands digit of 277102?
2
What is the units digit of 1128915?
5
What is the hundred thousands digit of 887214?
8
What is the units digit of 6466116?
6
What is the hundred thousands digit of 540553?
5
What is the hundred thousands digit of 945941?
9
What is the units digit of 1600581?
1
What is the tens digit of 461754?
5
What is the units digit of 332939?
9
What is the tens digit of 4320113?
1
What is the hundred thousands digit of 4497926?
4
What is the hundreds digit of 2588613?
6
What is the ten thousands digit of 2096400?
9
What is the thousands digit of 24331914?
1
What is the hundreds digit of 250719?
7
What is the units digit of 24021878?
8
What is the hundred thousands digit of 2736429?
7
What is the hundreds digit of 523708?
7
What is the tens digit of 98878?
7
What is the tens digit of 302794?
9
What is the millions digit of 1459626?
1
What is the ten thousands digit of 321728?
2
What is the thousands digit of 1059761?
9
What is the tens digit of 7093076?
7
What is the hundred thousands digit of 748506?
7
What is the hundred thousands digit of 1248595?
2
What is the tens digit of 39906?
0
What is the ten thousands digit of 181067?
8
What is the hundreds digit of 394430?
4
What is the hundreds digit of 548055?
0
What is the hundreds digit of 183604?
6
What is the units digit of 533276?
6
What is the units digit of 711594?
4
What is the thousands digit of 163461?
3
What is the units digit of 37880458?
8
What is the units digit of 247878?
8
What is the hundreds digit of 12907?
9
What is the hundred thousands digit of 374057?
3
What is the tens digit of 15181066?
6
What is the hundred thousands digit of 219523?
2
What is the tens digit of 26401754?
5
What is the hundreds digit of 1682834?
8
What is the thousands digit of 7118722?
8
What is the units digit of 9769114?
4
What is the tens digit of 1329856?
5
What is the ten thousands digit of 27257?
2
What is the tens digit of 1703299?
9
What is the tens digit of 261750?
5
What is the ten thousands digit of 509861?
0
What is the hundred thousands digit of 5057075?
0
What is the thousands digit of 61790?
1
What is the hundred thousands digit of 155535?
1
What is the hundred thousands digit of 508992?
5
What is the tens digit of 3202097?
9
What is the ten thousands digit of 340110?
4
What is the units digit of 763786?
6
What is the hundreds digit of 144158?
1
What is the thousands digit of 644191?
4
What is the hundreds digit of 596287?
2
What is the hundreds digit of 33448?
4
What is the millions digit of 14084434?
4
What is the thousands digit of 1287446?
7
What is the thousands digit of 18863700?
3
What is the tens digit of 2038606?
0
What is the tens digit of 272028?
2
What is the thousands digit of 165410?
5
What is the millions digit of 1101106?
1
What is the ten thousands digit of 1091297?
9
What is the thousands digit of 397718?
7
What is the ten thousands digit of 1375407?
7
What is the hundred tho